e hundreds digit of c?
1
Let m(p) = -p**2 - 2*p - 1. Let f be m(-7). Let j = f + 54. What is the tens digit of j?
1
Let x = -22 + 37. Let z = 30 - x. What is the tens digit of z?
1
Let f(x) = -7 + 2 + 10*x - x**2 + 2 - 1. What is the units digit of f(9)?
5
Let h(g) = 2*g - 3*g + 8 - 20. Let a be h(-7). Let j = 14 + a. What is the units digit of j?
9
Let b = 215 + -151. What is the units digit of b?
4
Suppose 2*j + 96 = 466. Suppose w - j = -5*b, -3*b - 3*w + 6*w + 111 = 0. What is the tens digit of b?
3
Suppose 3*r + 3*p - 231 - 24 = 0, 2*r - 5*p = 135. What is the tens digit of r?
8
Let t(k) = -k. Let u(x) = 1. Let j(z) = 2*t(z) - 3*u(z). Let w = -62 + 60. What is the units digit of j(w)?
1
Let u(s) = -s**2 - 15*s + 5. What is the tens digit of u(-12)?
4
Let i = -162 + 287. Suppose k + i = f + 2*f, -4*f + k = -165. What is the units digit of f?
0
Let l(b) = -b**3 - 4*b**2 - 3*b + 1. Let f(u) = u**2 - 3*u - 4. Let y be f(3). What is the units digit of l(y)?
3
Let q = 0 - -4. Suppose q*g + 0*l - 31 = 3*l, -g + 4*l + 11 = 0. What is the units digit of g?
7
Suppose 0 = -3*i - 76 + 316. What is the units digit of i?
0
Suppose 2*a - a + 7 = 5*g, -4*a - 5*g + 22 = 0. Suppose 40 = 4*p - a*p. What is the units digit of p?
0
Let l = 6 - 6. Suppose 2*x + 3*v - 19 = l, 18 = x + x + 4*v. What is the tens digit of x?
1
What is the units digit of -3*(148/10)/(6/(-10))?
4
Suppose -d + v + v + 229 = 0, -5*d = 3*v - 1080. What is the tens digit of d?
1
Let u(o) = -5*o + 1. Let p be u(-1). Let i be ((-33)/9)/((-1)/p). Suppose -4*y + 2*y = -i. What is the units digit of y?
1
Let x be (3/2)/(2/4). Suppose -3*r = -x*b + 3, 4*r + b - 8 = 2*b. Suppose r*z = 3 + 21. What is the units digit of z?
8
Suppose 4 = 5*s - 3*s. Suppose 3*u = 5*f - 0*u - 39, -4*f + 30 = -s*u. What is the units digit of f?
6
Suppose -q + 55 = 11. What is the units digit of q?
4
Let q(j) = -j**3 + 7*j**2 - 5*j + 4. Let y be q(6). Let r = -8 + y. What is the units digit of r?
2
Suppose -t = 4*v + 13, t + 4*v + 9 = v. Let s(x) = -3*x**2 - 2 - 1 + x**t + 0*x - x. What is the units digit of s(4)?
9
Let o(b) = b**3 - 3*b**2 - 4*b. What is the tens digit of o(7)?
6
Suppose -4*c + 2*r - 10 = 0, -2*c - 2*r = r + 9. What is the units digit of (1 + 0)/(c/(-30))?
0
Let m = 78 - -9. What is the units digit of m?
7
Let o(u) = 3*u**3 + 2*u**2 - 7*u + 7. What is the hundreds digit of o(5)?
3
What is the tens digit of 5*(72/10 + -2)?
2
Let t(j) = j**3 + 4*j**2 + j - 1. Let n = -4 - -1. What is the units digit of t(n)?
5
Suppose 5*j - 32 = 18. Suppose -j = -4*c + 18. What is the units digit of c?
7
Suppose -3*o + 25 = 5*k, -2*o - 2*k - 11 = -5*o. Suppose -o*m - 1 = -6. Let p(t) = 16*t - 1. What is the units digit of p(m)?
5
Suppose 183 = 3*b + 5*w - 54, 0 = b + 4*w - 79. What is the units digit of b?
9
Suppose 6*q - 25 = q. Suppose -3 = q*j - 3*t - 34, -t - 2 = 0. Let i(c) = c**2 - c - 4. What is the units digit of i(j)?
6
Suppose 3*x + 2*y - 24 = 0, -2*x - x + 42 = -4*y. Suppose 0 = -4*l + 2 - 18. Let p = l + x. What is the units digit of p?
6
Let f(k) = k**2 - 10*k + 6. Let h be f(12). What is the units digit of 792/h + 6/(-15)?
6
Let d(g) = -g**3 - 2*g**2 + 2*g. Let w = -2 + -1. What is the units digit of d(w)?
3
Let z(n) = -n - 3. Let a(q) = -q + 7. Let v be a(12). Let b be z(v). What is the units digit of (-3 - -1)/(1 - b)?
2
Let v(m) = -21*m. Let g be v(-1). Let r = 5 - g. Let b = r + 23. What is the units digit of b?
7
Let o = -9 + 9. Suppose -s = -o*s - 3. What is the units digit of s?
3
Let p(j) = 2*j + 11. Let l(r) = -r - 1. Let y(v) = l(v) - p(v). Let m be y(-8). Let t = -4 + m. What is the units digit of t?
8
What is the units digit of 0 + 54/(-12)*4/(-6)?
3
Let a(v) = 16*v + 2. Suppose -5 - 4 = -p - 4*f, 5*p = -f + 7. What is the units digit of a(p)?
8
Suppose 17 = 5*m - 33. What is the tens digit of m?
1
Let i = 169 - 102. What is the units digit of i?
7
Suppose 5*j - 2*t - 2 = 0, 3*t = -3*j - 2*t + 26. Let c(h) = -h**2 + 6*h + 5. Let k be c(6). Suppose j*y - k - 3 = 0. What is the units digit of y?
4
Let a(g) = g**2 - 4*g - 2. Let x be a(4). Let n be (-1)/x + (-12)/(-8). Suppose -p + 0 + 11 = -3*t, 5*t - 11 = -n*p. What is the units digit of p?
8
Let f(r) = -3 - 1 - 5 + 3*r. Let v be f(7). Suppose -3*y - 4*a = -7*y + v, -3*a + 26 = 2*y. What is the units digit of y?
7
What is the hundreds digit of 0/(-4 + (1 - -2)) + 174?
1
Let k(a) = a - 13. Let v be k(9). Let q be 2/(v/(-14)) + 0. Let c = q + 1. What is the units digit of c?
8
Let p = 16 + -17. Let a = p - -35. What is the tens digit of a?
3
Suppose -v - 6 = -3*v. What is the units digit of 4/(v*6/63)?
4
Suppose 0 = -5*s + 4*n + 78, -2*s + 21 = -3*n - 13. What is the units digit of (-9)/63 - (-254)/s?
8
Let f be (-2)/1*5/2. Let b(q) = -q**3 - 5*q**2 + 7. What is the units digit of b(f)?
7
Suppose 2*y = 2*j - 8, 4*j + 2*y - 3*y - 1 = 0. Let h(i) = -6*i**3 - 1. What is the units digit of h(j)?
5
What is the units digit of (-7 + 4)*(-6)/2?
9
What is the units digit of 4/(-3)*(-4 + 14*-1)?
4
What is the units digit of -3 - (3 + 12/(-1))?
6
Let n(v) = v**3 + 11*v**2 - v + 5. Let w be n(-10). Suppose 4*o - w = 81. What is the units digit of o?
9
Suppose -4*h + 118 + 42 = 0. What is the units digit of h?
0
Let h(q) = -21*q - 3. Let o(n) = 11*n + 1. Let j(c) = 3*h(c) + 5*o(c). What is the units digit of j(-5)?
6
Let k be 16/(-20)*(-4 + -1). Suppose 7 = p + k*g - 9, -3*p + 20 = 5*g. What is the units digit of (2 + p)/((-1)/(-5))?
0
Let x(w) = 4*w**2 - 3. What is the units digit of x(3)?
3
Let r = -6 + 5. What is the units digit of (r/(-2))/(2/16)?
4
Let h(a) = -7*a**3 - 3*a**2 - 3*a - 1. What is the units digit of h(-2)?
9
Let h = 16 - 22. Let j(r) = 9*r + 13. Let k(n) = -4*n - 6. Let q(y) = 3*j(y) + 7*k(y). What is the units digit of q(h)?
3
Suppose 3*p - 3*u + 5 = 17, 3*u + 12 = p. Let t(v) = v + 13. What is the units digit of t(p)?
3
Let u be -1*(-39 + 2 + -2). Suppose -5*l + 3*g + 69 = 0, -2*l - l + g + u = 0. What is the units digit of l?
2
Suppose -y + 15 = 5*w, 0 = 4*y - w - 31 + 76. Suppose 4*f - 89 = z, -3*f + z = 14 - 82. Let x = y + f. What is the tens digit of x?
1
Suppose a + 24 = 4*a. Let x(z) = 4 + 2*z - a + 9 - 6*z. What is the units digit of x(-4)?
1
Suppose 7*d = 4*d - c - 81, 0 = 4*d - 2*c + 118. Let b = d - -44. What is the tens digit of b?
1
Suppose 2*w - 4 = -2*w. What is the units digit of w?
1
Suppose 22 = -3*a - 2. Let k = -11 - a. Let y(g) = -g**3 - 3*g**2 - 3*g. What is the units digit of y(k)?
9
Suppose -5*l + 78 = -72. Suppose n - 4*f = l, -7*n = -2*n - 4*f - 70. What is the units digit of n?
0
Let d = -5 - -11. Suppose 4*j + 3*t = 19, -3*j - 7*t + 17 = -2*t. Let o = d - j. What is the units digit of o?
2
What is the units digit of (3 + -5)*57/(-2)?
7
What is the tens digit of (54 - -2)/1*1?
5
Suppose -5*j - 16 - 24 = 0. What is the tens digit of (3/1)/(j/(-48))?
1
Let u(k) = -k**2 - 11*k + 7. Let i be u(-12). Let f = i + 37. What is the units digit of f?
2
Let f = 66 - 21. What is the tens digit of f?
4
Let q = -10 + 12. Let y(x) be the first derivative of -x**4/4 + x**3 - x**2 + x - 1. What is the units digit of y(q)?
1
Suppose -2*q = -0*q - 5*s + 10, 2*q - 4*s + 8 = 0. Suppose -v + n - 7 = 0, 3*v + 2*n - 4 = -q*n. Let g = 13 + v. What is the units digit of g?
1
Let r(n) be the first derivative of n**3/3 + 9*n**2/2 - 4*n + 1. Let b be r(-8). What is the units digit of (-27)/(-4) - 3/b?
7
Let i be (-8)/24 - 253/(-3). What is the units digit of i/15 - (-4)/10?
6
Suppose -47 = -2*a + 9. What is the tens digit of a?
2
Let g be 3 + 0 - 0 - -3. What is the units digit of (-4)/6 + 208/g?
4
Let q(u) = -u**2 + 18*u - 11. What is the units digit of q(15)?
4
Let q(w) = -4*w + 5. Let l(d) = -2*d**2 + 5*d - 2. Let b be l(3). Let u be q(b). Suppose 5*a - u = 10. What is the units digit of a?
7
Let i(q) = -2*q**2 + 4*q - 2. Let v be i(3). Let y = v + 21. What is the tens digit of y?
1
Suppose 0 = -9*p + 13*p - 16. What is the tens digit of (p/6)/((-11)/(-495))?
3
Let j be (15/10)/((-1)/(-8)). Let o = j - 6. What is the units digit of o?
6
Let q be (-1)/(-1) + (3 - 4). Suppose -3*r + 4 + 5 = q. Suppose 4*u - 13 = r*u. What is the tens digit of u?
1
Suppose -12*k = -k - 770. What is the units digit of k?
0
Suppose 0 = 2*y + 3*x, 20 = 